46746 and 1869.
21
Calculate the greatest common factor of 976860 and 536.
268
What is the highest common divisor of 12984 and 24?
24
What is the greatest common factor of 1650 and 374?
22
Calculate the greatest common divisor of 44 and 21604.
44
What is the greatest common divisor of 226 and 1131017?
113
Calculate the greatest common factor of 505951 and 57.
19
What is the highest common factor of 125 and 2700125?
125
What is the greatest common divisor of 80525 and 50?
25
What is the highest common divisor of 594 and 514998?
594
Calculate the greatest common factor of 46364 and 2941.
173
Calculate the highest common divisor of 3672 and 1275.
51
What is the greatest common divisor of 42928 and 16?
16
What is the highest common divisor of 3224481 and 1131?
1131
What is the greatest common divisor of 546 and 2058?
42
Calculate the highest common factor of 6063 and 19317.
141
Calculate the greatest common factor of 54198 and 54.
18
What is the highest common divisor of 660 and 192588?
132
What is the highest common divisor of 304 and 361?
19
What is the highest common divisor of 22 and 77374?
22
Calculate the greatest common factor of 1501 and 1738.
79
Calculate the greatest common factor of 3085320 and 2520.
840
What is the highest common factor of 29104 and 32100?
428
Calculate the highest common divisor of 462445 and 5.
5
Calculate the highest common factor of 5440 and 88.
8
Calculate the greatest common factor of 96 and 3137304.
24
What is the highest common divisor of 98 and 602?
14
Calculate the greatest common divisor of 1564000 and 816.
272
What is the greatest common divisor of 12 and 171534?
6
What is the highest common factor of 3822005 and 110?
55
What is the greatest common factor of 1008 and 12418?
14
Calculate the greatest common divisor of 16 and 384304.
16
Calculate the highest common divisor of 152 and 93974.
38
What is the highest common factor of 556816 and 64?
16
What is the greatest common factor of 6 and 13992?
6
What is the greatest common factor of 901 and 9979?
17
What is the highest common divisor of 222321 and 330?
33
What is the highest common divisor of 8235 and 225?
45
What is the greatest common divisor of 67479 and 498?
249
Calculate the greatest common factor of 42 and 1050.
42
Calculate the highest common divisor of 210 and 1140.
30
What is the highest common factor of 408 and 175644?
204
What is the highest common divisor of 3021 and 1539?
57
Calculate the highest common factor of 25021 and 13943.
191
What is the highest common factor of 1364 and 315425?
341
What is the highest common factor of 126 and 20972?
14
What is the greatest common divisor of 64978 and 1908?
106
What is the greatest common divisor of 5136 and 720?
48
Calculate the highest common factor of 694393 and 1064.
133
What is the greatest common factor of 14578 and 6698?
394
What is the greatest common factor of 1647 and 216?
27
What is the highest common divisor of 3302 and 2444?
26
What is the highest common divisor of 25546 and 1166?
106
Calculate the greatest common factor of 464 and 99934.
58
What is the highest common divisor of 6519 and 15264?
159
Calculate the greatest common divisor of 10165 and 220955.
535
What is the greatest common factor of 12848 and 256?
16
What is the highest common divisor of 489 and 28851?
489
Calculate the greatest common divisor of 164200 and 10.
10
What is the greatest common factor of 1140 and 114684?
228
Calculate the highest common factor of 4371 and 1551.
141
What is the highest common divisor of 120 and 1267400?
40
What is the highest common divisor of 321250 and 750?
250
What is the highest common divisor of 2244 and 37862?
22
What is the greatest common factor of 625 and 2854375?
625
What is the greatest common divisor of 9462 and 504142?
166
What is the greatest common factor of 588 and 661647?
147
What is the highest common factor of 39732 and 2520?
84
Calculate the highest common factor of 1855 and 112070.
35
What is the greatest common divisor of 12201 and 250782?
147
Calculate the greatest common divisor of 91112 and 16.
8
Calculate the greatest common divisor of 59895 and 5940.
495
Calculate the highest common divisor of 479885 and 70.
35
What is the highest common divisor of 49392 and 576?
144
What is the highest common factor of 282860 and 28?
4
What is the greatest common factor of 4086 and 636?
6
Calculate the greatest common divisor of 5533 and 11569.
503
Calculate the greatest common divisor of 130193 and 1225.
49
What is the greatest common factor of 2009412 and 144?
36
What is the greatest common divisor of 2592 and 1584?
144
What is the greatest common divisor of 700 and 227108?
28
Calculate the highest common factor of 64 and 33296.
16
What is the greatest common factor of 354 and 1662?
6
Calculate the greatest common divisor of 5030813 and 4876.
1219
What is the highest common factor of 875998 and 62?
62
What is the greatest common divisor of 188 and 1091716?
188
Calculate the highest common divisor of 216656 and 748.
44
Calculate the greatest common factor of 13427 and 87.
29
Calculate the greatest common factor of 1764 and 147441.
147
What is the highest common factor of 147958 and 928?
58
Calculate the highest common factor of 336 and 37086.
42
What is the greatest common divisor of 8 and 50578?
2
Calculate the highest common factor of 55384 and 32637.
989
Calculate the greatest common divisor of 12 and 1074.
6
What is the highest common factor of 35 and 740810?
35
Calculate the greatest common factor of 1146735 and 1530.
765
Calculate the greatest common divisor of 156 and 7032.
12
What is the greatest common divisor of 150376 and 120?
8
What is the highest common factor of 7095 and 4710?
15
What is the highest common divisor of 619156 and 4?
4
What is the highest common factor of 19035 and 3285?
45
Calculate the greatest common factor of 177 and 3963.
3
What is the greatest common divisor of 9375 and 5250?
375
Calculate the highest common divisor of 1887 and 78591.
51
Calculate the greatest common divisor of 332301 and 862.
431
What is the highest common divisor of 2916 and 156?
12
Calculate the highest common divisor of 2700700 and 5.
5
What is the greatest common factor of 371274 and 54?
6
Calculate the highest common factor of 2044 and 2434915.
511
What is the highest common factor of 204 and 743716?
68
What is the greatest common divisor of 1258770 and 150?
30
What is the highest common factor of 1117376 and 12087?
1343
Calculate the highest common factor of 480 and 642120.
120
Calculate the greatest common factor of 63 and 18099.
9
What is the greatest common factor of 3000 and 2775?
75
What is the greatest common factor of 178 and 49217?
89
Calculate the highest common divisor of 16195 and 82.
41
What is the highest common factor of 254 and 433705?
127
Calculate the greatest common divisor of 347075 and 800.
25
What is the highest common factor of 12229 and 3?
1
Calculate the highest common factor of 63 and 2233.
7
What is the greatest common divisor of 52794 and 252?
126
Calculate the highest common factor of 27654 and 24.
6
What is the greatest common divisor of 11063600 and 1700?
1700
Calculate the highest common factor of 54 and 869346.
54
What is the greatest common divisor of 168 and 36568?
56
What is the highest common factor of 2100 and 7210?
70
Calculate the greatest common factor of 81561 and 465.
93
Calculate the greatest common divisor of 11326 and 1442.
14
Calculate the greatest common divisor of 19771 and 68617.
1163
What is the highest common factor of 288 and 21618?
18
What is the greatest common factor of 45 and 38625?
15
Calculate the highest common factor of 57960 and 39192.
552
Calculate the greatest common factor of 405 and 36126.
81
Calculate the greatest common divisor of 68339 and 770199.
1847
What is the highest common factor of 7098 and 467376?
546
What is the greatest common factor of 22568 and 624?
104
Calculate the greatest common divisor of 400 and 3025.
25
Calculate the greatest common divisor of 16807 and 2744.
343
What is the highest common divisor of 7986 and 1386?
66
Calculate the highest common divisor of 627 and 82137.
627
Calculate the highest common factor of 735570 and 660.
330
What is the greatest common factor of 6897 and 2109?